{"id":6,"date":"2019-02-14T00:29:36","date_gmt":"2019-02-13T23:29:36","guid":{"rendered":"http:\/\/daxes.net\/x\/alexa\/?page_id=6"},"modified":"2019-02-14T15:51:15","modified_gmt":"2019-02-14T14:51:15","slug":"politicas-de-privacidad","status":"publish","type":"page","link":"http:\/\/daxes.net\/x\/alexa\/skills\/politicas-de-privacidad\/","title":{"rendered":"Pol\u00edticas de Privacidad"},"content":{"rendered":"\n<p>La Skill no necesita ni almacena informaci\u00f3n personal de los usuarios. Para gestionar alertas quiz\u00e1s sea necesario el User Id asignado por Amazon, como identificador del Usuario, de almacenarse este usuario no ser\u00e1 compartido con terceros. Cualquier otro cambios en la informaci\u00f3n requerida o usada ser\u00e1 notificado oportunamente al usar la Skill.<\/p>\n","protected":false},"excerpt":{"rendered":"<p>La Skill no necesita ni almacena informaci\u00f3n personal de los usuarios. Para gestionar alertas quiz\u00e1s sea necesario el User Id asignado por Amazon, como identificador del Usuario, de almacenarse este usuario no ser\u00e1 compartido con terceros. Cualquier otro cambios en la informaci\u00f3n requerida o usada ser\u00e1 notificado oportunamente al usar la Skill.<\/p>\n","protected":false},"author":1,"featured_media":0,"parent":4,"menu_order":0,"comment_status":"closed","ping_status":"closed","template":"","meta":{"footnotes":""},"class_list":["post-6","page","type-page","status-publish","hentry","entry"],"_links":{"self":[{"href":"http:\/\/daxes.net\/x\/alexa\/wp-json\/wp\/v2\/pages\/6","targetHints":{"allow":["GET"]}}],"collection":[{"href":"http:\/\/daxes.net\/x\/alexa\/wp-json\/wp\/v2\/pages"}],"about":[{"href":"http:\/\/daxes.net\/x\/alexa\/wp-json\/wp\/v2\/types\/page"}],"author":[{"embeddable":true,"href":"http:\/\/daxes.net\/x\/alexa\/wp-json\/wp\/v2\/users\/1"}],"replies":[{"embeddable":true,"href":"http:\/\/daxes.net\/x\/alexa\/wp-json\/wp\/v2\/comments?post=6"}],"version-history":[{"count":2,"href":"http:\/\/daxes.net\/x\/alexa\/wp-json\/wp\/v2\/pages\/6\/revisions"}],"predecessor-version":[{"id":10,"href":"http:\/\/daxes.net\/x\/alexa\/wp-json\/wp\/v2\/pages\/6\/revisions\/10"}],"up":[{"embeddable":true,"href":"http:\/\/daxes.net\/x\/alexa\/wp-json\/wp\/v2\/pages\/4"}],"wp:attachment":[{"href":"http:\/\/daxes.net\/x\/alexa\/wp-json\/wp\/v2\/media?parent=6"}],"curies":[{"name":"wp","href":"https:\/\/api.w.org\/{rel}","templated":true}]}}